2 (base 4) in base 9?
2224
Convert -101414 (base 5) to base 9.
-4542
Convert -6c73 (base 14) to base 9.
-27848
Convert -905 (base 14) to base 13.
-a61
Convert -420 (base 6) to base 11.
-132
What is -1734 (base 13) in base 5?
-102143
What is -7592 (base 12) in base 14?
-49d4
101110100000100 (base 2) to base 15
70c7
What is -14698 (base 10) in base 5?
-432243
Convert 802 (base 11) to base 8.
1712
5423 (base 6) to base 7
3420
What is -6650 (base 8) in base 4?
-312220
Convert -532 (base 9) to base 11.
-365
Convert -14217 (base 8) to base 16.
-188f
457 (base 10) to base 11
386
Convert -1020531 (base 6) to base 3.
-2111211101
Convert 6c77 (base 15) to base 7.
124144
What is -28862 (base 11) in base 8?
-120006
Convert -3aa (base 11) to base 10.
-483
What is 1012001 (base 3) in base 8?
1541
Convert 655 (base 12) to base 14.
4a5
-3738 (base 12) to base 5
-144421
101031 (base 5) to base 9
4428
-332332 (base 4) to base 6
-30354
What is -ac3 (base 16) in base 3?
-10210001
202211002 (base 3) to base 5
441201
What is -ca (base 16) in base 10?
-202
1060 (base 9) to base 3
1002000
Convert 248 (base 15) to base 13.
30b
Convert -112635 (base 7) to base 14.
-751c
Convert -5b5a (base 15) to base 2.
-100101111101011
Convert -345 (base 9) to base 8.
-434
What is 2001110112 (base 3) in base 16?
9df1
What is 38274 (base 9) in base 16?
6490
23012303 (base 4) to base 16
b1b3
Convert 10110001110 (base 2) to base 11.
1083
Convert 113402 (base 8) to base 11.
27054
-11110010101011 (base 2) to base 8
-36253
What is -100000010011 (base 2) in base 8?
-4023
-1010010010 (base 2) to base 14
-350
What is 1209 (base 10) in base 7?
3345
What is -1967 (base 16) in base 6?
-50035
What is -917 (base 13) in base 5?
-22131
Convert -8844 (base 12) to base 3.
-202121121
What is 7228 (base 9) in base 4?
1102223
What is -10132 (base 6) in base 4?
-111020
Convert 14342 (base 10) to base 2.
11100000000110
What is -15651 (base 9) in base 3?
-112201201
-131225 (base 7) to base 13
-b1a4
What is -a7 (base 13) in base 4?
-2021
What is 21011200 (base 3) in base 12?
3039
Convert 304 (base 15) to base 14.
367
Convert -1106 (base 7) to base 9.
-482
What is -311 (base 4) in base 8?
-65
What is -1132200 (base 4) in base 3?
-22022000
What is 13 (base 11) in base 3?
112
What is 333102 (base 4) in base 14?
1694
Convert -446 (base 9) to base 8.
-556
What is -101011100 (base 2) in base 9?
-426
What is -638 (base 10) in base 6?
-2542
-1101230 (base 4) to base 5
-131403
What is -13 (base 10) in base 15?
-d
Convert -3c0 (base 14) to base 7.
-2130
Convert -34031 (base 8) to base 4.
-3200121
-1654 (base 12) to base 7
-10513
Convert 1067 (base 10) to base 12.
74b
What is -13ff (base 16) in base 10?
-5119
3879 (base 12) to base 5
201204
-14441 (base 5) to base 11
-a33
Convert -36a (base 14) to base 15.
-307
142021 (base 5) to base 14
2206
122 (base 11) to base 15
9a
What is -96 (base 16) in base 12?
-106
-34150 (base 6) to base 7
-20022
Convert -1403 (base 7) to base 12.
-392
-cc9 (base 15) to base 3
-10222000
-616 (base 7) to base 3
-102101
What is -4230 (base 9) in base 11?
-2373
64a (base 12) to base 14
49c
-11221 (base 7) to base 2
-101100101001
Convert -461 (base 16) to base 4.
-101201
What is 427 (base 10) in base 15?
1d7
2031021 (base 4) to base 16
2349
-35300 (base 10) to base 3
-1210102102
Convert -1a3 (base 15) to base 7.
-1050
Convert 1361 (base 10) to base 4.
111101
42435 (base 6) to base 8
13227
-104101 (base 9) to base 5
-3441142
-3040 (base 5) to base 2
-110001011
-5c2 (base 14) to base 13
-6a6
3100 (base 4) to base 5
1313
Convert -bc78 (base 13) to base 5.
-1320134
What is b40 (base 13) in base 12?
1133
What is 1826 (base 11) in base 6?
14435
2133132 (base 4) to base 2
10011111011110
Convert 392 (base 10) to base 5.
3032
-c011 (base 14) to base 12
-17093
What is -34 (base 11) in base 14?
-29
What is -4133 (base 5) in base 6?
-2303
Convert -12021 (base 7) to base 10.
-3102
Convert -2985 (base 10) to base 15.
-d40
Convert -2422 (base 5) to base 12.
-262
Convert -21310 (base 5) to base 12.
-a13
Convert 3189 (base 13) to base 9.
10376
Convert 708 (base 11) to base 16.
357
What is -44e (base 16) in base 12?
-77a
Convert 211201110 (base 3) to base 5.
1012223
Convert 335 (base 11) to base 16.
191
Convert c42a (base 14) to base 16.
83d6
Convert 15210 (base 8) to base 2.
1101010001000
Convert -ba4 (base 16) to base 5.
-43410
-2202022102 (base 3) to base 2
-1101001110011101
-114265 (base 8) to base 6
-500553
Convert -162331 (base 7) to base 10.
-32068
-2232 (base 7) to base 14
-419
Convert 1d31 (base 14) to base 7.
21361
Convert 220021 (base 3) to base 11.
546
-5305 (base 11) to base 6
-52303
Convert -2144 (base 8) to base 12.
-798
Convert 9312 (base 10) to base 6.
111040
What is -27 (base 14) in base 6?
-55
Convert -4640 (base 13) to base 8.
-23176
232 (base 14) to base 5
3221
Convert -87c (base 15) to base 7.
-5406
Convert 93b (base 16) to base 13.
10ca
10100011101 (base 2) to base 14
697
-6150 (base 10) to base 11
-4691
What is -210100211 (base 3) in base 5?
-444244
1273 (base 11) to base 6
11353
Convert -79c7 (base 15) to base 2.
-110010011101101
What is 2a725 (base 12) in base 16?
e98d
What is 5975 (base 11) in base 14?
2bd0
What is -618 (base 11) in base 7?
-2113
Convert a063 (base 11) to base 9.
20315
What is 1040 (base 6) in base 9?
286
Convert 1809 (base 10) to base 4.
130101
3314 (base 5) to base 14
24b
-184 (base 9) to base 3
-12211
What is 301311 (base 4) in base 8?
6165
Convert -574 (base 10) to base 2.
-1000111110
Convert 293c (base 14) to base 5.
213211
-1475d (base 14) to base 12
-25513
-3323 (base 4) to base 3
-100022
161 (base 10) to base 2
10100001
What is 232 (base 6) in base 13?
71
Convert -1122002 (base 4) to base 8.
-13202
What is 64a (base 12) in base 13?
55c
What is 62a (base 11) in base 12?
532
What is c26 (base 13) in base 8?
4014
Convert -5343 (base 7) to base 6.
-12433
-201211001 (base 3) to base 15
-4431
-224 (base 9) to base 13
-112
Convert -11110110 (base 2) to base 15.
-116
Convert -195 (base 12) to base 16.
-101
-11001120211 (base 3) to base 13
-2a493
What is 10010100001101 (base 2) in base 9?
14008
Convert -14352 (base 6) to base 2.
-100011111100
8a (base 12) to base 4
1222
Convert 7b7 (base 14) to base 5.
22113
Convert 121202 (base 3) to base 10.
452
-11001010001 (base 2) to base 15
-72c
What is -4c2d (base 14) in base 3?
-200100011
2205 (base 6) to base 10
509
What is -1151 (base 7) in base 8?
-654
10000111 (base 4) to base 10
16405
-4342 (base 5) to base 8
-1125
12231312 (base 4) to base 6
331210
What is -103646 (base 7) in base 11?
-12713
-6323 (base 11) to base 10
-8374
d81a (base 14) to base 11
25aa7
What is 1020010 (base 4) in base 13?
213a
225 (base 6) to base 9
108
What is -1028 (base 15) in base 11?
-2623
What is 22523 (base 6) in base 16?
c93
What is b65 (base 14) in base 2?
100011000101
What is -3c1 (base 13) in base 9?
-817
What is 6d6 (base 14) in base 7?
3656
7b81 (base 16) to base 10
31617
d40 (base 14) to base 2
101000101100
What is 7395 (base 12) in base 3?
122100012
Convert 10001010000100 (base 2) to base 5.
240321
What is -24223 (base 5) in base 14?
-937
What is 3259 (base 10) in base 8?
6273
Convert -1210001 (base 3) to base 12.
-901
Convert -11340 (base 9) to base 4.
-1312101
What is 5322 (base 6) in base 16?
4b2
Convert -1585 (base 10) to base 3.
-2011201
2121 (base 8) to base 6
5041
What is 222012100 (base 3) in base 16?
4a9a
What is 5c1a (base 15) in base 7?
111100
2364 (base 7) to base 3
1012120
Convert 103341 (base 5) to base 7.
13325
What is -51 (base 12) in base 10?
-61
What is -103513 (base 7) in base 5?
-1034331
What is 101000 (base 3) in base 8?
416
10410 (base 5) to base 9
1001
Convert 1158 (base 13) to base 5.
34224
Convert 242 (base 8) to base 3.
20000
Convert -1210 (base 3) to base 15.
-33
What is 22 (base 12) in base 9?
28
Convert d83 (base 14) to base 15.
bc8
What is -2ee (base 15) in base 3?
-220222
Convert 243d (base 15) to base 3.
101120111
What is 1000001000 (base 2) in base 7?
1342
Convert 321411 (base 5) to base 9.
15802
-c770 (base 15) to base 2
-1010010011000100
What is 2f13 (base 16) in base 7?
50064
Convert 1314 (base 9) to base 4.
33121
What is 6876 (base 12) in base 16?
2d5a
What is -225 (base 10) in base 15?
-100
2116 (